
5
Calculate the remainder when 18567316 is divided by 215899.
2
Calculate the remainder when 32645 is divided by 4433.
1614
Calculate the remainder when 4909523 is divided by 818213.
245
What is the remainder when 5744084 is divided by 5744069?
15
What is the remainder when 3518393 is divided by 24953?
20
Calculate the remainder when 13555294 is divided by 2784.
2782
Calculate the remainder when 6169888 is divided by 78099.
67
Calculate the remainder when 13163133 is divided by 2656.
2653
What is the remainder when 261438 is divided by 87135?
33
What is the remainder when 335059 is divided by 3034?
1319
Calculate the remainder when 45013 is divided by 20651.
3711
What is the remainder when 4896421 is divided by 683?
677
What is the remainder when 607882 is divided by 497?
51
What is the remainder when 210101784 is divided by 1847?
1840
Calculate the remainder when 2924130 is divided by 4384.
2
What is the remainder when 155611 is divided by 11968?
27
What is the remainder when 526499 is divided by 3281?
1539
What is the remainder when 140235 is divided by 46663?
246
What is the remainder when 33483 is divided by 170?
163
Calculate the remainder when 65751325 is divided by 2939.
17
Calculate the remainder when 326946 is divided by 54461.
180
What is the remainder when 22398009 is divided by 4304?
4297
Calculate the remainder when 167321474 is divided by 53.
50
What is the remainder when 1745503 is divided by 348992?
543
Calculate the remainder when 13828296 is divided by 219495.
111
What is the remainder when 49124 is divided by 1960?
124
Calculate the remainder when 56007111 is divided by 253.
248
Calculate the remainder when 534133 is divided by 9538.
5
What is the remainder when 22476 is divided by 334?
98
Calculate the remainder when 16489 is divided by 299.
44
Calculate the remainder when 298851365 is divided by 2231.
2222
Calculate the remainder when 101962 is divided by 101950.
12
Calculate the remainder when 7782969 is divided by 15.
9
Calculate the remainder when 13039989 is divided by 4346663.
0
Calculate the remainder when 515736 is divided by 5724.
576
What is the remainder when 7758895 is divided by 104?
79
What is the remainder when 825489289 is divided by 55?
9
What is the remainder when 216423 is divided by 13525?
23
Calculate the remainder when 647331 is divided by 80886.
243
Calculate the remainder when 748743 is divided by 197.
143
Calculate the remainder when 99668 is divided by 75.
68
What is the remainder when 32431987 is divided by 344?
11
What is the remainder when 1468391 is divided by 379?
145
Calculate the remainder when 18074046 is divided by 37.
27
Calculate the remainder when 23743 is divided by 888.
655
What is the remainder when 825754 is divided by 120?
34
Calculate the remainder when 192319 is divided by 5988.
703
Calculate the remainder when 5697602 is divided by 404.
394
What is the remainder when 256885 is divided by 2177?
2176
What is the remainder when 47190195 is divided by 2329?
2326
Calculate the remainder when 92479 is divided by 30748.
235
What is the remainder when 14758 is divided by 10032?
4726
What is the remainder when 149247 is divided by 974?
225
Calculate the remainder when 21529393 is divided by 7176430.
103
Calculate the remainder when 373943545 is divided by 27.
25
What is the remainder when 9636199 is divided by 280?
279
Calculate the remainder when 14071094 is divided by 921.
56
Calculate the remainder when 1699735 is divided by 590.
535
Calculate the remainder when 4911386 is divided by 11.
7
What is the remainder when 1071013 is divided by 1070957?
56
What is the remainder when 39006803 is divided by 1077?
17
Calculate the remainder when 21217232 is divided by 1572.
1520
Calculate the remainder when 296033 is divided by 296033.
0
What is the remainder when 25196489 is divided by 341?
340
Calculate the remainder when 49325766 is divided by 649023.
18
Calculate the remainder when 98074129 is divided by 121.
120
Calculate the remainder when 118016 is divided by 605.
41
Calculate the remainder when 72646 is divided by 69951.
2695
Calculate the remainder when 144221 is divided by 35903.
609
Calculate the remainder when 5464461 is divided by 8.
5
What is the remainder when 6510866 is divided by 72?
50
Calculate the remainder when 936638 is divided by 234143.
66
What is the remainder when 4268038 is divided by 9081?
9049
What is the remainder when 6821196 is divided by 6?
0
What is the remainder when 2010544 is divided by 761?
743
Calculate the remainder when 125793 is divided by 1284.
1245
What is the remainder when 1361056 is divided by 636?
16
Calculate the remainder when 6492388 is divided by 5771.
13
What is the remainder when 133758 is divided by 12519?
8568
Calculate the remainder when 62173795 is divided by 200.
195
Calculate the remainder when 14562997 is divided by 509.
507
What is the remainder when 406179407 is divided by 91?
88
What is the remainder when 54356147 is divided by 132?
131
Calculate the remainder when 234845 is divided by 753.
662
Calculate the remainder when 414973775 is divided by 112.
111
What is the remainder when 128423 is divided by 662?
657
Calculate the remainder when 583848 is divided by 44902.
122
Calculate the remainder when 10487590 is divided by 541.
305
What is the remainder when 5410372 is divided by 541036?
12
What is the remainder when 1030720 is divided by 206?
102
What is the remainder when 587009 is divided by 1658?
77
What is the remainder when 7708107 is divided by 1999?
1962
What is the remainder when 3184001 is divided by 792?
161
Calculate the remainder when 3716059 is divided by 51.
46
Calculate the remainder when 392447 is divided by 34.
19
What is the remainder when 23733057 is divided by 23733056?
1
What is the remainder when 665203 is divided by 1580?
23
What is the remainder when 3854946 is divided by 1793?
1789
What is the remainder when 357591 is divided by 8?
7
Calculate the remainder when 584016 is divided by 288.
240
What is the remainder when 7621962 is divided by 1412?
1398
What is the remainder when 29562120 is divided by 61?
56
Calculate the remainder when 598199472 is divided by 28.
24
What is the remainder when 8889 is divided by 888?
9
What is the remainder when 380938 is divided by 29301?
25
What is the remainder when 171846 is divided by 3068?
38
What is the remainder when 99947 is divided by 11097?
74
What is the remainder when 18970 is divided by 9332?
306
What is the remainder when 57040289 is divided by 84?
5
Calculate the remainder when 2537075239 is divided by 2380.
2379
What is the remainder when 393968 is divided by 857?
605
Calculate the remainder when 2519932 is divided by 21722.
180
Calculate the remainder when 419337 is divided by 38045.
842
What is the remainder when 6208576 is divided by 28?
24
What is the remainder when 756188 is divided by 30241?
163
Calculate the remainder when 63693 is divided by 12562.
883
What is the remainder when 185498 is divided by 23?
3
Calculate the remainder when 5129004 is divided by 1709665.
9
Calculate the remainder when 49958 is divided by 365.
318
What is the remainder when 38372 is divided by 817?
790
Calculate the remainder when 5811514 is divided by 1632.
1594
What is the remainder when 10929553 is divided by 2801?
51
What is the remainder when 1017115 is divided by 726?
715
What is the remainder when 1168791 is divided by 4395?
4116
What is the remainder when 87177860 is divided by 20836?
36
Calculate the remainder when 53271633 is divided by 1772.
1769
What is the remainder when 27475 is divided by 267?
241
Calculate the remainder when 3921385 is divided by 15.
10
Calculate the remainder when 77989265 is divided by 238.
235
Calculate the remainder when 3287027 is divided by 821754.
11
What is the remainder when 1877342 is divided by 1477?
75
What is the remainder when 732364 is divided by 122049?
70
What is the remainder when 6718 is divided by 470?
138
What is the remainder when 11839230 is divided by 61?
45
What is the remainder when 3226240 is divided by 4676?
4476
What is the remainder when 84199 is divided by 2564?
2151
What is the remainder when 73089064 is divided by 9010?
8954
Calculate the remainder when 10391174 is divided by 111733.
5
What is the remaind